{"id":37530,"date":"2022-11-07T17:49:27","date_gmt":"2022-11-07T16:49:27","guid":{"rendered":"https:\/\/wildsuits.eu\/?post_type=wildsuits-family&#038;p=37530"},"modified":"2023-04-21T10:22:35","modified_gmt":"2023-04-21T08:22:35","slug":"robertney-barros","status":"publish","type":"wildsuits-family","link":"https:\/\/wildsuits.eu\/en\/wildsuits-team\/robertney-barros\/","title":{"rendered":"Robertney Barros"},"content":{"rendered":"\n<figure class=\"wp-block-image\"><img decoding=\"async\" src=\"https:\/\/www.wildsuits.eu\/wp-content\/uploads\/2020\/08\/unknown-scaled.jpeg\" alt=\"Robertney Barros en combinaison Wildsuits, juste avant de se mettre \u00e0 l'eau \"\/><\/figure>\n\n\n\n<p>Robertney Barros est un surfeur originaire du Cap Vert en Afrique. Il a rejoint la <a href=\"https:\/\/wildsuits.eu\/wildsuits-team\/\" data-type=\"URL\" data-id=\"https:\/\/wildsuits.eu\/wildsuits-team\/\">Team Wildsuits<\/a> au mois de Mars 2020. D\u00e9couvrez-en plus sur notre nouveau rider au travers de cette interview :&nbsp;<\/p>\n\n\n\n<h3 class=\"wp-block-heading\" id=\"bonjour-robertney-barros-tu-es-un-surfeur-professionnel-originaire-du-cap-vert-comment-tout-cela-a-commence\">Bonjour Robertney Barros, tu es un surfeur professionnel originaire du Cap Vert. Comment tout cela a commenc\u00e9 ?<\/h3>\n\n\n\n<p id=\"block-2074130e-42a9-4843-bc3f-a0c88d09ad17\">Quand j\u2019\u00e9tais plus jeune, j\u2019ai commenc\u00e9 \u00e0 jouer au football. Apr\u00e8s un moment, \u00e0 l\u2019\u00e2ge de 13 ans, j\u2019ai go\u00fbt\u00e9 aux joies de l\u2019oc\u00e9an et c\u2019est comme cela que mon aventure a commenc\u00e9.<\/p>\n\n\n\n<p id=\"block-7c10d5a5-c402-4aca-9ebd-fac3899de5ac\">Ma premi\u00e8re planche \u00e9tait une planche bris\u00e9e en cinq morceaux que j\u2019ai trouv\u00e9e. J\u2019ai rassembl\u00e9 les morceaux et j\u2019ai fabriqu\u00e9 ma premi\u00e8re planche de surf \u00e0 la main. C\u2019est comme \u00e7a que tout a commenc\u00e9. J\u2019ai surf\u00e9 sur cette planche pendant quelques ann\u00e9es et j\u2019\u00e9tais heureux de la partager avec mes amis. La planche \u00e9tait un d\u00e9sastre total, apr\u00e8s avoir surf\u00e9 et \u00e0 un moment donn\u00e9 pendant la session, il fallait mettre la planche \u00e0 l\u2019envers pour essayer de faire sortir l\u2019eau.<\/p>\n\n\n\n<p id=\"block-f2b86f86-7b8a-4828-a0f5-bf28b5ec7337\">Malgr\u00e9 toutes ces difficult\u00e9s, je n\u2019ai jamais renonc\u00e9 \u00e0 surfer et le surf ne m\u2019a jamais abandonn\u00e9. Aujourd\u2019hui, je suis tr\u00e8s heureux de ce que je suis devenu gr\u00e2ce au surf\u2026<\/p>\n\n\n\n<h3 class=\"wp-block-heading\" id=\"incroyable-finalement-tu-es-passe-du-surf-avec-une-planche-cassee-et-tu-te-retrouves-a-representer-le-cap-vert-dans-le-monde-entier\">Incroyable ! Finalement, tu es pass\u00e9 du surf avec une planche cass\u00e9e et tu te retrouves \u00e0 repr\u00e9senter le Cap Vert dans le monde entier !&nbsp;<\/h3>\n\n\n\n<p id=\"block-d1cac03a-298c-4713-86da-830053f44d0b\">Je suis tr\u00e8s fier de repr\u00e9senter le <a href=\"https:\/\/fr.wikipedia.org\/wiki\/Cap-Vert\" data-type=\"URL\" data-id=\"https:\/\/fr.wikipedia.org\/wiki\/Cap-Vert\" target=\"_blank\" rel=\"noopener\">Cap-Vert<\/a>. Dans notre pays, il n\u2019y a pas beaucoup de possibilit\u00e9s et il est tr\u00e8s important pour moi de le repr\u00e9senter au niveau mondial. Cela donne des espoirs et des r\u00eaves \u00e0 nos jeunes surfeurs.<\/p>\n\n\n\n<p id=\"block-1da269f6-fecb-42c3-84e2-f8ff9598894f\">Je veux montrer \u00e0 tous que si vous croyez en vos r\u00eaves, tout est possible ! Et pour moi, participer au <a href=\"https:\/\/fr.wikipedia.org\/wiki\/World_Qualifying_Series\" data-type=\"URL\" data-id=\"https:\/\/fr.wikipedia.org\/wiki\/World_Qualifying_Series\" target=\"_blank\" rel=\"noopener\">WQS<\/a> \u00e9tait un r\u00eave et il s\u2019est r\u00e9alis\u00e9. Cela me donnera certainement la possibilit\u00e9 d\u2019ouvrir plus de portes et d\u2019inspirer plus de gens !<\/p>\n\n\n\n<p id=\"block-e95ce951-0873-4403-bc2a-a7f8dab1ccf1\">Sur mon \u00eele, nous ne devons jamais abandonner !<\/p>\n\n\n<div class=\"wp-block-image\">\n<figure class=\"aligncenter\"><a href=\"https:\/\/wildsuits-europe.com\/\" target=\"_blank\" rel=\"noreferrer noopener\"><img decoding=\"async\" src=\"https:\/\/www.wildsuits.eu\/wp-content\/uploads\/2020\/03\/image-27-03-20-03-24-1024x683.jpeg\" alt=\"L\u2019attribut alt de cette image est vide, son nom de fichier est image-27-03-20-03-24-1024x683.jpeg.\"\/><\/a><\/figure><\/div>\n\n\n<h2 class=\"wp-block-heading\"><em>UNCHAINED, Robertney Barros<\/em><\/h2>\n\n\n\n<figure class=\"wp-block-embed is-type-video is-provider-youtube wp-block-embed-youtube wp-embed-aspect-16-9 wp-has-aspect-ratio\"><div class=\"wp-block-embed__wrapper\">\n<iframe title=\"UNCHAINED, Surf clip Costa da Caparica\" width=\"800\" height=\"450\" src=\"https:\/\/www.youtube.com\/embed\/G4rMAuQXX1g?start=1&#038;feature=oembed\" frameborder=\"0\" allow=\"accelerometer; autoplay; clipboard-write; encrypted-media; gyroscope; picture-in-picture; web-share\" allowfullscreen><\/iframe>\n<\/div><figcaption class=\"wp-element-caption\"><strong><em><sub>Vid\u00e9o by <a href=\"https:\/\/www.instagram.com\/antoniosaraiva1\/\" data-type=\"URL\" data-id=\"https:\/\/www.instagram.com\/antoniosaraiva1\/\" target=\"_blank\" rel=\"noopener\">Antonio Saraiva<\/a>, <a href=\"https:\/\/wildsuits.eu\/wildsuits-team\/eduardo-vento\/\" data-type=\"URL\" data-id=\"https:\/\/wildsuits.eu\/wildsuits-team\/eduardo-vento\/\" target=\"_blank\" rel=\"noreferrer noopener\">Eduardo Vento<\/a> et <a href=\"https:\/\/wildsuits.eu\/wildsuits-team\/andre-hilario\/\" data-type=\"URL\" data-id=\"https:\/\/wildsuits.eu\/wildsuits-team\/andre-hilario\/\" target=\"_blank\" rel=\"noreferrer noopener\">Andr\u00e9 Hilario<\/a><\/sub><\/em><\/strong><\/figcaption><\/figure>\n","protected":false},"template":"","_links":{"self":[{"href":"https:\/\/wildsuits.eu\/en\/wp-json\/wp\/v2\/wildsuits-family\/37530"}],"collection":[{"href":"https:\/\/wildsuits.eu\/en\/wp-json\/wp\/v2\/wildsuits-family"}],"about":[{"href":"https:\/\/wildsuits.eu\/en\/wp-json\/wp\/v2\/types\/wildsuits-family"}],"wp:attachment":[{"href":"https:\/\/wildsuits.eu\/en\/wp-json\/wp\/v2\/media?parent=37530"}],"curies":[{"name":"wp","href":"https:\/\/api.w.org\/{rel}","templated":true}]}}

<figure class="wp-block-image"><img decoding="async" src="https://www.wildsuits.eu/wp-content/uploads/2020/08/unknown-scaled.jpeg" alt="Robertney Barros en combinaison Wildsuits, juste avant de se mettre à l'eau "/></figure>



<p>Robertney Barros est un surfeur originaire du Cap Vert en Afrique. Il a rejoint la <a href="https://wildsuits.eu/wildsuits-team/" data-type="URL" data-id="https://wildsuits.eu/wildsuits-team/">Team Wildsuits</a> au mois de Mars 2020. Découvrez-en plus sur notre nouveau rider au travers de cette interview :&nbsp;</p>



<h3 class="wp-block-heading" id="bonjour-robertney-barros-tu-es-un-surfeur-professionnel-originaire-du-cap-vert-comment-tout-cela-a-commence">Bonjour Robertney Barros, tu es un surfeur professionnel originaire du Cap Vert. Comment tout cela a commencé ?</h3>



<p id="block-2074130e-42a9-4843-bc3f-a0c88d09ad17">Quand j’étais plus jeune, j’ai commencé à jouer au football. Après un moment, à l’âge de 13 ans, j’ai goûté aux joies de l’océan et c’est comme cela que mon aventure a commencé.</p>



<p id="block-7c10d5a5-c402-4aca-9ebd-fac3899de5ac">Ma première planche était une planche brisée en cinq morceaux que j’ai trouvée. J’ai rassemblé les morceaux et j’ai fabriqué ma première planche de surf à la main. C’est comme ça que tout a commencé. J’ai surfé sur cette planche pendant quelques années et j’étais heureux de la partager avec mes amis. La planche était un désastre total, après avoir surfé et à un moment donné pendant la session, il fallait mettre la planche à l’envers pour essayer de faire sortir l’eau.</p>



<p id="block-f2b86f86-7b8a-4828-a0f5-bf28b5ec7337">Malgré toutes ces difficultés, je n’ai jamais renoncé à surfer et le surf ne m’a jamais abandonné. Aujourd’hui, je suis très heureux de ce que je suis devenu grâce au surf…</p>



<h3 class="wp-block-heading" id="incroyable-finalement-tu-es-passe-du-surf-avec-une-planche-cassee-et-tu-te-retrouves-a-representer-le-cap-vert-dans-le-monde-entier">Incroyable ! Finalement, tu es passé du surf avec une planche cassée et tu te retrouves à représenter le Cap Vert dans le monde entier !&nbsp;</h3>



<p id="block-d1cac03a-298c-4713-86da-830053f44d0b">Je suis très fier de représenter le <a href="https://fr.wikipedia.org/wiki/Cap-Vert" data-type="URL" data-id="https://fr.wikipedia.org/wiki/Cap-Vert" target="_blank" rel="noopener">Cap-Vert</a>. Dans notre pays, il n’y a pas beaucoup de possibilités et il est très important pour moi de le représenter au niveau mondial. Cela donne des espoirs et des rêves à nos jeunes surfeurs.</p>



<p id="block-1da269f6-fecb-42c3-84e2-f8ff9598894f">Je veux montrer à tous que si vous croyez en vos rêves, tout est possible ! Et pour moi, participer au <a href="https://fr.wikipedia.org/wiki/World_Qualifying_Series" data-type="URL" data-id="https://fr.wikipedia.org/wiki/World_Qualifying_Series" target="_blank" rel="noopener">WQS</a> était un rêve et il s’est réalisé. Cela me donnera certainement la possibilité d’ouvrir plus de portes et d’inspirer plus de gens !</p>



<p id="block-e95ce951-0873-4403-bc2a-a7f8dab1ccf1">Sur mon île, nous ne devons jamais abandonner !</p>


<div class="wp-block-image">
<figure class="aligncenter"><a href="https://wildsuits-europe.com/" target="_blank" rel="noreferrer noopener"><img decoding="async" src="https://www.wildsuits.eu/wp-content/uploads/2020/03/image-27-03-20-03-24-1024x683.jpeg" alt="L’attribut alt de cette image est vide, son nom de fichier est image-27-03-20-03-24-1024x683.jpeg."/></a></figure></div>


<h2 class="wp-block-heading"><em>UNCHAINED, Robertney Barros</em></h2>



<figure class="wp-block-embed is-type-video is-provider-youtube wp-block-embed-youtube wp-embed-aspect-16-9 wp-has-aspect-ratio"><div class="wp-block-embed__wrapper">
<iframe title="UNCHAINED, Surf clip Costa da Caparica" width="800" height="450" src="https://www.youtube.com/embed/G4rMAuQXX1g?start=1&#038;feature=oembed" frameborder="0" allow="accelerometer; autoplay; clipboard-write; encrypted-media; gyroscope; picture-in-picture; web-share" allowfullscreen></iframe>
</div><figcaption class="wp-element-caption"><strong><em><sub>Vidéo by <a href="https://www.instagram.com/antoniosaraiva1/" data-type="URL" data-id="https://www.instagram.com/antoniosaraiva1/" target="_blank" rel="noopener">Antonio Saraiva</a>, <a href="https://wildsuits.eu/wildsuits-team/eduardo-vento/" data-type="URL" data-id="https://wildsuits.eu/wildsuits-team/eduardo-vento/" target="_blank" rel="noreferrer noopener">Eduardo Vento</a> et <a href="https://wildsuits.eu/wildsuits-team/andre-hilario/" data-type="URL" data-id="https://wildsuits.eu/wildsuits-team/andre-hilario/" target="_blank" rel="noreferrer noopener">André Hilario</a></sub></em></strong></figcaption></figure>
